 f**3 - 5*f**2 + 2*f - 5. Suppose -3*v = 20 + 10. Let b = v - -15. Give l(b).
5
Suppose 4*b = -n - 7, -b - 8 = 2*n + 4*b. Let i be (-26)/(-6) - n/3. Let c(y) = -y**2 + y + 5. Determine c(i).
-7
Let o(l) = l**2 - 6*l + 7. Let h(m) = -2*m**2 + 11*m - 13. Let g(c) = -3*h(c) - 5*o(c). What is g(4)?
8
Let y be 1/(28/(-10) - -3). Let l = 8 - y. Let f(c) = -c**l + 2*c**3 - 4*c - 3 + 5*c. Give f(0).
-3
Let v(t) = t**2 + 5*t + 5. Let b be v(-4). Let f(j) = -7*j**2 + j - 1. Give f(b).
-7
Suppose -10 = 3*k - 8*k. Suppose k*q - 3 = 5. Let l(n) = -q + 2*n + 0*n + 2*n**2 - 5*n. Calculate l(3).
5
Let y(h) = h**3 + h**2 - h - 6. Suppose -11 = g - 4*g + 4*s, 4*s = g - 9. Suppose 5*j + 5 = 4*d, 3*d = -3*j + g - 4. Calculate y(d).
-6
Let u(o) be the first derivative of o**3/3 - o**2 - 2. Suppose 0 = -5*k - 2*i + 26, 2*i = -k + 6 + 4. Calculate u(k).
8
Let g(a) be the second derivative of a**4/12 - a**3 - 5*a**2 - 3*a. Give g(7).
-3
Let u(a) = -a**2 - 6*a - 5. Let b be u(-5). Suppose -3*x + x = b. Let k(v) be the third derivative of -v**4/24 - 2*v**3/3 + v**2. Give k(x).
-4
Suppose -2*q + 6*q = -24. Let p be (0 + q)/(6/4). Let f(l) = 5 + l + l**2 + 0*l + 4*l. Determine f(p).
1
Let l(u) = 14*u**2 + 6*u - 17. Suppose -5*b - 30 = -10*b. Let j(c) = 5*c**2 + 2*c - 6. Let m(t) = b*l(t) - 17*j(t). Give m(3).
-3
Let z(b) = -b**3 - 11*b**2 - 12*b - 12. Let y = -31 + 21. Give z(y).
8
Suppose 0 = -2*n - 0 + 4. Let o = -7 - -11. Let m(x) = -x**2 + 3*x - 7*x + n*x**2 + o. Give m(4).
4
Let n(y) = -y. Let l be n(3). Let k be 6/(-9) - (-4)/l. Let g(v) be the first derivative of v**4/4 - v**3/3 - v**2/2 + 2*v - 1. Calculate g(k).
-8
Suppose -4*i - 8 = 4. Let d(o) = -o**2 - o + 4. Give d(i).
-2
Let i = 3 + 3. Let l(c) be the third derivative of c**5/60 - 5*c**4/24 - 7*c**3/6 + 24*c**2. Determine l(i).
-1
Let h(k) = 3*k**3 + 18*k**2 + 20*k - 8. Let z(l) = l**3 + 6*l**2 + 7*l - 3. Let q(w) = 3*h(w) - 8*z(w). Determine q(-5).
5
Let n = 14 - 10. Suppose -12 = n*u - 7*u. Suppose -u*r - 2*p = 3*p + 19, 4*r = -2*p - 10. Let b(d) = -4*d**2 + d. Calculate b(r).
-5
Let h(i) be the first derivative of -i**4/4 + i**2 - i - 1. Suppose -4*w = -0 - 8. Let x be h(w). Let q(v) = -v**3 - 6*v**2 - 5*v - 5. Give q(x).
-5
Let r(h) be the second derivative of -h**3/6 + 5*h**2 - 10*h. Determine r(8).
2
Let u(j) be the second derivative of j**4/12 - 2*j**3/3 - j**2/2 + 11*j. Determine u(4).
-1
Let o(i) = i**3 + 3*i**2 + 3*i + 2. Let y(l) be the second derivative of -l**4/6 - l**3/2 - 10*l. Let m be y(-2). Give o(m).
0
Suppose 11*l - 7 = -40. Let j(s) = -s**3 - 2*s**2 + 5*s + 2. Determine j(l).
-4
Let c(o) = -o**2 + o + 1. Let l(q) = 17*q**2 - q - 1. Let v(u) = 6*u**2. Let m(x) = -3*l(x) + 8*v(x). Let r(n) = 7*c(n) - 2*m(n). Determine r(3).
-5
Let h(q) = q - 3*q**2 + 2*q**2 - 5*q + 1. Determine h(-4).
1
Let m be ((-3)/5)/((-11)/(-55)). Let k(d) = 3*d. Give k(m).
-9
Let v(u) be the third derivative of u**3 - 1/60*u**5 - 2*u**2 + 0 - 5/24*u**4 + 0*u. Calculate v(-6).
0
Let q(h) = h**3 - 2*h**2 - h + 2. Let y = -5 - -7. Let m be q(y). Let n(x) = m*x - 5*x + 4 + 3*x. What is n(4)?
-4
Let l(a) = 0 + 0*a + 4*a - 2*a - 2. Determine l(6).
10
Let q(j) = j**3 + 2. Let n = 39 - 39. What is q(n)?
2
Let i(v) be the first derivative of -v**5/20 - 5*v**4/12 - v**3/2 - 2*v**2 - 6*v + 5. Let c(z) be the first derivative of i(z). Calculate c(-4).
-8
Let p(s) = 5*s**2 + 9*s - 4. Let q(c) = c**2 + c - 1. Let b(z) = p(z) - 6*q(z). Suppose 0 = 2*i - 17 + 5. Let f be (4/i)/((-2)/(-12)). What is b(f)?
-2
Let i(g) be the first derivative of -g**3/3 + 7*g**2/2 + 10*g - 17. Calculate i(8).
2
Let v(m) = -m + 1. Let s(y) = -5*y + 5. Let r be 24/9*(-9)/4. Let z(i) = r*s(i) + 33*v(i). Let w(d) = -d**2 - 7*d - 3. Let h be w(-6). What is z(h)?
-6
Let y(u) = -4*u - 1. Let l be 6/5*(-15)/(-2). Let x(z) = -z**2 + 11*z - 10. Let r be x(l). Suppose 0 = -3*c + 7*c + r. What is y(c)?
7
Let j(u) = u**3 - 2*u**2 - 6*u + 6. Let v be j(3). Let q(w) = -w - 4. Give q(v).
-1
Let r(d) = -d. Let y = 6 + -1. Suppose 4*g + 5*n = 5 + 8, -y*g + 11 = n. Suppose x + g*x = -18. Determine r(x).
6
Let a(w) = 2*w**2 - 3*w - 4. Let i = 13 - 10. What is a(i)?
5
Let t(m) be the second derivative of m**5/120 + m**4/8 - m**3/6 - 2*m. Let l(a) be the second derivative of t(a). Let p = -23 + 19. Determine l(p).
-1
Let l(u) = u**2 - u. Let d(t) = -3*t**2 - 8. Let g(m) = -d(m) - 4*l(m). Calculate g(6).
-4
Let p(a) = -5*a + 1. Let f = -5 + 6. Suppose 0 = 5*j - f + 6. Let l = j - -2. Give p(l).
-4
Let x(g) = -g**3 - 2*g**2 + 3*g - 2. Let s(u) = 6*u**3 + 9*u**2 - 15*u + 10. Let v(b) = -2*b**3 + b - 1. Let w be v(1). Let k(z) = w*s(z) - 11*x(z). Give k(3).
2
Let w(o) be the second derivative of 0 + 0*o**2 + 1/60*o**5 - 1/360*o**6 + 0*o**3 + 1/4*o**4 + 2*o. Let v(x) be the third derivative of w(x). Calculate v(4).
-6
Suppose -z - 2 + 4 = 0. Let k(h) = 2*h + 0 - 2 + z*h + h**2 - 3*h**2. Calculate k(2).
-2
Let p(s) be the first derivative of s**2/2 + s - 36. Suppose j - 3*w - 2*w = 3, 0 = j + 5*w - 3. What is p(j)?
4
Suppose -4*y + y = -n + 2, 0 = -2*y + 3*n - 6. Let o(i) be the second derivative of -i**2 - 1/3*i**4 + 5/6*i**3 + y - i + 1/20*i**5. Calculate o(3).
4
Let l = 7 + -2. Suppose -25 = -5*q - d, d - 25 = -l*q - d. Let p(j) = j**3 - 4*j**2 - 4*j + 1. Give p(q).
6
Let x(y) = y**2 + 4*y + 4. Let a(w) = 2*w**2 + 7*w + 7. Let f(d) = -3*a(d) + 5*x(d). Suppose -4*b - 12 = -4. What is f(b)?
-3
Suppose -5 = -3*v + 4. Let y = v + -1. Suppose 6 = 3*z, y*z - 6 = 2*g - 0*z. Let r(o) = 3*o**2 - o. Determine r(g).
4
Let v(z) = -z**2 - 14*z - 8. Let d(k) = -7*k + 22. Let j be d(5). Determine v(j).
5
Let j(t) = -3*t + 3*t - 3*t - 2 + 2*t. Let f be j(-1). Let h(g) = -4*g - 1. Calculate h(f).
3
Suppose -3*z - 3*b - 18 = 0, -3*z + b + 0 + 2 = 0. Let u(h) = 16*h - 1. Determine u(z).
-17
Let g(u) be the first derivative of -u**6/120 - u**5/60 + u**4/8 + u**3/2 + 2*u**2 - 3. Let l(n) be the second derivative of g(n). Calculate l(-2).
1
Let h(p) be the second derivative of p**3/6 - 5*p**2/2 - 26*p. What is h(8)?
3
Let r = 3 + 6. Let s be (-2)/(-9) - (-25)/r. Suppose -1 = -4*f + s*f. Let u(i) = 7*i. Determine u(f).
7
Let v(l) = -l**2 + l + 2. Let w(h) = -h - 1. Let r(y) = -2*v(y) - 5*w(y). Suppose 0 = -f + 4*p - 10 - 4, 14 = 5*f + p. Suppose z + 0 + f = 0. Give r(z).
3
Let u(a) = -a**3 - 7*a**2 - a + 4. Suppose -4*s + 11 + 10 = -3*f, -3*f - 3*s - 21 = 0. Calculate u(f).
11
Let i be (1*10)/(4 - 2). Suppose 2*w + 2 = 3*w. Suppose -2*v - 6 = -4*t, 0 = v + w*t - i. Let j(r) = -11*r**3 + r**2 - r + 1. Calculate j(v).
-10
Let s = -23 + 32. Suppose -q - s = 2*q. Let a(t) = 2*t**2 + 3*t + 1. What is a(q)?
10
Let b(l) = l**2 + 9*l + 4. Let j be b(-8). Let x(s) = -s**2 + 6 - 2*s - 8 + 4. Calculate x(j).
-6
Let u(m) be the first derivative of -m**4/12 - 5*m**3/6 + 3*m**2/2 + m + 1. Let w(x) be the first derivative of u(x). Calculate w(-5).
3
Let x(q) = q**3 - 6*q**2 + 5*q - 3. Let g(n) be the second derivative of -1/2*n**2 - 1/12*n**4 + 7/6*n**3 - n + 0. Let i be g(6). Determine x(i).
-3
Let f(p) = p**3 + p**2 + p - 5. Suppose -24 = v - 3*v. Suppose 2*r + 0*x = -3*x - v, -x - 4 = 2*r. What is f(r)?
-5
Let s be (-15 + 19)*(-1 - -3 - 1). Let u(x) = -x**3 + 2*x**2 + 5*x + 3. Determine u(s).
-9
Let v(g) = -g**3 - g**2 - g - 1. Let w(q) = -7*q**3 - 6*q**2 - 6*q - 2. Let z(x) = -6*v(x) + w(x). Determine z(0).
4
Let u = 26 - 27. Let f(g) = 3*g**2 - g - 1. Calculate f(u).
3
Let r = -5 - -8. Let y(a) = 201*a + 1 - 99*a - 99*a - a**2. Give y(r).
1
Let t(i) = -i**3 - i**2 + 1. Let j(u) = 7*u**3 + 8*u**2 - u - 8. Let d(p) = j(p) + 6*t(p). Let k be 4/(-10) + 26/(-10). Calculate d(k).
-8
Let k(x) = -x + 14. Suppose 0 = -a + 4*n + 12, 4*a - 4*n = -20 + 56. What is k(a)?
6
Let x(s) be the third derivative of 0 - 1/12*s**4 - 1/3*s**3 - s**2 + 0*s. Let k(n) = -2*n**2 - 31*n - 13. Let f be k(-15). Determine x(f).
-6
Suppose -5*l + 2*u + 16 = u, -5*l - 2*u + 28 = 0. Let n(t) = 4*t - 1. Determine n(l).
15
Let z(y) = y**3 + 7*y**2 + 7*y + 8. Suppose 0 = -5*p - 30. Determine z(p).
2
Let g(w) = 0*w + 5*w - 2 + w + w**2 - 5. Let x be g(-7). Let a(p) = -p**3 - p**2 - p - 5. Calculate a(x).
-5
Let o(x) = x**3 - 4*x**2 - 5*x + 6. Let p(v) = -6*v - 5. Let n be p(-4). Suppose -2*w - 4*l + 7 = -7*l, 4*l - n = -3*w. Calculate o(w).